1. Calculate the greatest common divisor of u and 2074.
34
Suppose -6*o + 5*z - 17 = -9*o, -o = 3*z - 7. Let m = o - -41. Calculate the greatest common factor of 15 and m.
15
Let a = 911 - 899. Calculate the highest common factor of 18036 and a.
12
Suppose 3*t + 6*t - 1389 = -1137. Suppose -109 = -9*h + 143. Calculate the greatest common divisor of h and t.
28
Let q be 0*((-20)/(-14) - (-51)/(-119)). Suppose -33*i + 25*i + 112 = q. What is the greatest common factor of i and 238?
14
Suppose -5894 = -74*k + 121978. What is the greatest common divisor of 600 and k?
24
Let t = 132 + 144. Calculate the greatest common factor of t and 132.
12
Suppose -8 = 6*o - 4*o - 4*a, 5*o - 3*a - 15 = 0. Suppose 84*t = 154*t - 5460. Calculate the highest common factor of t and o.
6
Let h = 6227 + -6137. Calculate the highest common factor of 430 and h.
10
Suppose 786 = -17*a + 38*a - 15972. What is the greatest common factor of a and 462?
42
Let u be 21/(-3) + 1009 + -4 + -1. What is the highest common factor of u and 1?
1
Let l = 22 - 16. Suppose 11*g - 185 = l*g. Let s = g + -26. What is the highest common factor of 1 and s?
1
Suppose -21*x = -139 - 3851. Calculate the highest common divisor of x and 10.
10
Let q = 154 + -121. Calculate the highest common factor of 33 and q.
33
Suppose 17*a - 16*a + 4510 = 5*j, 0 = -3*a. What is the highest common divisor of 738 and j?
82
Let g be (((-54)/(-210))/(36/(-120)))/((-7)/196). What is the highest common divisor of 46344 and g?
24
Suppose 0 = -66*b + 132454 + 20 + 199572. Calculate the highest common factor of 234 and b.
117
Let f be (5 - 520/25)*-145. What is the highest common factor of f and 116?
29
Suppose -2*x + 5*q = -809, -1376 + 149 = -3*x + 3*q. Calculate the greatest common divisor of 36 and x.
4
Let f = -323 - -230. Let u = 101 + f. Suppose u = -2*z, 2*r + 9 = -z + 33. What is the greatest common divisor of 70 and r?
14
Suppose -29*m + 1547 = -37 - 156. What is the highest common divisor of m and 856?
4
Suppose 0*z + 10 = 5*z. Let c be ((-18)/(-12))/(z/(8*5)). Let m be 156/c - 2/10. Calculate the greatest common factor of 5 and m.
5
Let z = 9394 + -9377. Calculate the greatest common divisor of 1581 and z.
17
Let d = 122 + 190. Calculate the greatest common divisor of 3900 and d.
156
Let g(n) = n + 57. Let l be (-3)/((-6)/5)*(46 + -44). Let z be g(l). Let j be 95 - (-1 - 6/(-2)). Calculate the highest common divisor of j and z.
31
Let y be 2/(-6) - (-104)/6. Suppose -4*l + 249 = -5*j, -8*j - 129 = 10*j + 33. Calculate the highest common divisor of l and y.
17
Suppose -10*t - 69*t = -3160. What is the highest common divisor of t and 850?
10
Let p be (0 + 6)*(1 + -2). Let m be 28/(-3)*p/4. Suppose -2479 = -17*v - 2003. What is the highest common factor of v and m?
14
Let t be (-1)/(-18) - (-285701)/234. What is the highest common factor of 528 and t?
33
Let q(x) = x**3 - 6*x**2 - 11*x - 11. Let p be 2 + 105/10 - 2/4. Suppose -p*b + 16 = -10*b. Let d be q(b). What is the highest common factor of 261 and d?
29
Suppose 3*i - 4 - 2 = 0. Let z be -2*1 - -29 - i. Let u be ((-5)/(-1))/(182 - 181). What is the highest common divisor of z and u?
5
Let l = 3787 - 3391. What is the highest common divisor of 108 and l?
36
Let b = 2286 - -2035. Calculate the highest common divisor of b and 145.
29
Suppose 0 = -2*o + 91*c - 92*c + 125, -4*c = 3*o - 190. Calculate the highest common factor of o and 1333.
31
Suppose 42*q - 61926 = 37*q - 2*r, -49540 = -4*q - 2*r. Calculate the greatest common factor of 44 and q.
22
Let f(n) be the third derivative of n**5/60 + n**4/24 - 2*n**3 + 2*n**2 - 32*n. Let i = -9 - -4. Let b be f(i). What is the greatest common divisor of b and 1?
1
Suppose 6*m - 2*m - 16463 = -427. What is the highest common divisor of m and 57?
19
Let t(u) = -u**2 + 26*u - 52. Let v be t(16). Let j = v - 45. Calculate the greatest common factor of 168 and j.
21
Let j be 17/(153/(-45)) + (-2 - -3591). What is the greatest common divisor of j and 96?
32
Let h(i) = -529*i + 176. Let y be h(-1). What is the highest common factor of 15 and y?
15
Let i(z) = -z**3 - 11*z**2 + 35*z - 1. Let t be i(-15). Suppose 0 = -t*m + 375*m - 590. What is the greatest common divisor of 10 and m?
10
Let g(x) be the first derivative of -x**4/4 + 2*x**3 + x**2/2 - 10*x + 59. Let z be g(5). Calculate the greatest common factor of 70 and z.
10
Let a = 140 + -145. Let r be -2*1*a/(-10) - -11. What is the greatest common factor of r and 8?
2
Let a = 121 - 116. Let p be (a + (-40)/6)*-72. Let q(n) = 5*n**2 + n - 2. Let c be q(-3). Calculate the highest common factor of c and p.
40
Suppose 13*t + 144 = 16*t. Suppose 2*f + 3*h = -0 + 84, 132 = 3*f + 3*h. Calculate the greatest common divisor of t and f.
48
Suppose 10*p + 12240 = -8*p. Let v = p - -688. Suppose 0 = -0*g + 5*g - 220. Calculate the highest common factor of g and v.
4
Suppose 2633*m - 2646*m + 1768 = 0. What is the greatest common divisor of 1528 and m?
8
Suppose 7*d = -17*d - 33*d + 185079. Calculate the highest common divisor of 1528 and d.
191
Suppose 0 = 3*j + 9, -15 = 4*k + 2*j + 15. Let f be 238/(k - -13) + -2 + -2. Calculate the greatest common factor of f and 12.
6
Let h be 45*(-11*18/(-297) + 2). Calculate the highest common factor of h and 26040.
120
Suppose -12 = 2*o - 90. Let i = -4 + o. Let m be 1/((16/(-10))/(-8)). Calculate the greatest common factor of i and m.
5
Let r be (-2)/13 - ((-379408)/26)/4. Calculate the greatest common divisor of 256 and r.
64
Suppose -2*m + 164 = 3*j, 10*j + 3*m - 111 = 8*j. Calculate the greatest common factor of j and 3411.
9
Let z(f) = 4 - 8 - f - 8 + 2*f**2 + 8*f. Let s be z(-5). Suppose 6*j - s*j = 75. Calculate the highest common factor of j and 25.
25
Let k = 223 - 115. Suppose 0 = -490*d + 456*d + 5508. What is the greatest common factor of k and d?
54
Suppose 0 = -2*a - 5*m - 33, -4*m = 14 - 2. Let l be 767/5 - (-8)/((-120)/a). Calculate the highest common factor of l and 11.
11
Let r(w) = w**2 - 47*w + 558. Let p be r(18). Let m be -1 + (-3 - -6) - -10. Calculate the greatest common factor of p and m.
12
Let b = 108 + 459. Suppose -2*z + 1158 = -2*l, 3*z - b - 1178 = l. Calculate the greatest common factor of 53 and z.
53
Let v(c) = -c + 7. Let k be v(19). Let j be 9/6 + (-6)/k. Let f be (-8 + 4)/(j/(-52)). Calculate the greatest common factor of 13 and f.
13
Suppose -305 = -5*i - 2*y, y = 4*i - 4*y - 277. What is the greatest common divisor of i and 1449?
63
Let f be (-5316)/(-156) + 1/(-13). Calculate the greatest common divisor of 612 and f.
34
Let o(n) = -3*n + 90. Let m be o(8). Let d be 12/(-9)*69/(-2). Let v = -2 + d. What is the highest common factor of m and v?
22
Let k(g) = -g**2 - 3*g + 780. Let m be k(25). Suppose -9*j + 768 = -3*j. Calculate the highest common divisor of m and j.
16
Let o(d) = 50*d**3 + 84*d**2 + 4*d + 6. Let c be o(3). What is the highest common factor of c and 2596?
236
Let i(x) = -x**2 - 4*x - 8. Let b be i(-6). Let q be (-128)/b - 2/5. Let c be 12 - 2*3/12*q. What is the highest common divisor of 27 and c?
9
Let y(g) = 15*g + 13. Let b(o) = o. Let i(t) = -2*b(t) + y(t). Suppose 0 = -4734*u + 4705*u + 174. Let w be i(u). What is the highest common factor of 13 and w?
13
Suppose 5574*y = 5469*y + 840. What is the highest common divisor of 3228 and y?
4
Suppose 0 = -3*c + c + 3*q - 31, -c - 19 = -5*q. Let y be (-8155)/(-245) - (-4)/c. What is the greatest common factor of y and 88?
11
Let h be (-5 - (-64)/12)*36. Suppose -238 = -19*n + h*n. Calculate the highest common factor of 17 and n.
17
Let i = -6134 + 8881. Suppose -2*c - 3*u = -1128, i + 52 = 5*c - 3*u. What is the greatest common divisor of c and 33?
33
Let n(d) be the third derivative of d**6/120 - 7*d**5/60 + 5*d**4/8 - 5*d**3/3 + 14*d**2 + 4. Let o be n(4). Calculate the highest common divisor of 16 and o.
2
Let x(j) = -j**2 + 12*j + 3. Let s be x(12). Let b = -178 - -180. Suppose 4*q = -3*k + 126, 3*k + 48 = b*q - 6. Calculate the highest common divisor of s and q.
3
Let h(l) = -l**3 - 5*l**2 + 4*l + 21. Let m be h(-5). Suppose -5*z - m = 4, q - z = 16. Calculate the greatest common divisor of q and 10.
5
Let o be 0*((-161)/(-21) - 8). Suppose -5*p - 104 = -3*y, 5*y = -o*y + p + 188. Calculate the highest common divisor of 418 and